is 3545421 (base 6) in base 9?
312124
-101100101101111101011100 (base 2) to base 12
-3b13aa4
What is 2084068 (base 9) in base 7?
12335330
What is -211121222121 (base 3) in base 9?
-747877
What is -2529957 (base 12) in base 9?
-14616674
What is 71a26 (base 13) in base 12?
99b72
776000 (base 8) to base 15
52580
What is 190229 (base 13) in base 2?
10011001011111101011
Convert -1145829 (base 11) to base 14.
-3a0618
What is 968b (base 12) in base 5?
1012043
What is -151106 (base 10) in base 13?
-53a17
b720 (base 16) to base 12
23168
46315621 (base 8) to base 12
3455869
Convert -64980 (base 10) to base 9.
-108120
What is 1121011012012 (base 3) in base 7?
10135313
Convert -2201211212100 (base 3) to base 8.
-5426727
What is 3021023222 (base 4) in base 14?
176442
120112112001 (base 3) to base 15
6093a
What is 238a3b9 (base 13) in base 12?
383461a
What is 2b80 (base 15) in base 7?
36150
Convert -220070 (base 10) to base 3.
-102011212202
Convert 32b67 (base 16) to base 5.
23121334
101022001100 (base 3) to base 12
99376
Convert 10122112110021 (base 3) to base 8.
7314017
What is 176094 (base 11) in base 15?
55737
Convert 9854 (base 16) to base 8.
114124
2037 (base 12) to base 7
13126
What is -969127 (base 11) in base 3?
-2220201102110
Convert 11110111001100011000 (base 2) to base 13.
295b1c
What is -10120012112 (base 3) in base 11?
-48768
What is 1615021 (base 7) in base 4?
312112132
164d7e (base 15) to base 11
678198
What is -2a947b (base 14) in base 12?
-5b7731
What is 222221100002110 (base 3) in base 15?
13cbc63
16fb (base 16) to base 15
1b23
What is 2330021112 (base 4) in base 13?
20ca06
Convert 42248 (base 15) to base 13.
74630
5150615 (base 8) to base 2
101001101000110001101
Convert -11112020130 (base 4) to base 6.
-50011500
1427002 (base 9) to base 12
31a948
-420541 (base 8) to base 7
-1121022
What is -221022020022 (base 3) in base 8?
-1714635
Convert -67936a (base 16) to base 2.
-11001111001001101101010
What is 3adda3 (base 16) in base 8?
16556643
Convert -38420 (base 15) to base 16.
-2be5d
What is -2604 (base 7) in base 13?
-5a9
Convert -1111001111000000101001 (base 2) to base 16.
-3cf029
Convert -1122210222 (base 4) to base 3.
-200211220020
Convert 340851 (base 14) to base 4.
12233311013
What is -5517612 (base 8) in base 4?
-11221332022
Convert -203425 (base 11) to base 5.
-40422411
-2196ad (base 14) to base 13
-30bc12
What is -1000100101000110111101 (base 2) in base 15?
-2e6634
Convert -138aac2 (base 14) to base 16.
-90a6e2
What is 445325300 (base 6) in base 4?
132321030210
Convert -154053 (base 8) to base 6.
-1104111
-146704 (base 8) to base 13
-1ac90
What is 566161 (base 7) in base 5?
11204331
-113332111 (base 4) to base 15
-1e167
What is -2a2442 (base 11) in base 14?
-c3c92
Convert 13022323221 (base 5) to base 6.
1323053121
101000011000101000110010 (base 2) to base 5
10202233144
119b28 (base 15) to base 8
3156210
161552 (base 7) to base 3
1121200012
Convert -1612011 (base 10) to base 16.
-1898eb
-1101111202110 (base 3) to base 4
-2310033330
Convert -7a562 (base 13) to base 6.
-4435330
162640 (base 7) to base 13
11887
Convert 11000110000000000111 (base 2) to base 15.
11047a
1a451 (base 15) to base 12
41487
953ab3 (base 15) to base 12
24649a3
Convert -340244332 (base 5) to base 10.
-1493717
What is 1120000022120 (base 3) in base 8?
3117045
-6550857 (base 10) to base 2
-11000111111010101001001
What is -232222 (base 8) in base 2?
-10011010010010010
6654286 (base 9) to base 14
69239b
What is -1032422 (base 6) in base 9?
-77125
What is 170f4 (base 16) in base 10?
94452
Convert 1101000011011011001 (base 2) to base 12.
187649
334122 (base 7) to base 14
17749
Convert -12652610 (base 7) to base 14.
-227507
What is -21020120212 (base 3) in base 12?
-6a61b
Convert 1cc70b (base 13) to base 11.
467187
What is 42a59 (base 11) in base 9?
104654
What is 114445 (base 9) in base 8?
206433
-2143a9 (base 11) to base 9
-571800
1122121102 (base 4) to base 14
98d10
Convert -441737 (base 8) to base 6.
-3103131
Convert -21031002233 (base 4) to base 16.
-24d0af
-440455 (base 6) to base 11
-25442
-8c60 (base 16) to base 14
-d14c
Convert -414104 (base 7) to base 2.
-10001010110001110
44522202 (base 7) to base 4
32231000313
What is 30302 (base 10) in base 15?
8ea2
Convert 40be6 (base 15) to base 4.
302012013
What is 46a8bb (base 15) in base 13?
913115
What is 11100011011110110 (base 2) in base 7?
663364
-1443244 (base 5) to base 14
-b478
What is 450513 (base 6) in base 13?
14268
What is 1ccdb3 (base 15) in base 6?
50121540
Convert -143166013 (base 7) to base 6.
-534235441
What is -314113344 (base 6) in base 14?
-a37d16
What is -101010110001010010011 (base 2) in base 15?
-1ca3cb
121502321 (base 6) to base 4
20313301021
What is -4262410 (base 7) in base 12?
-210781
Convert -171907 (base 14) to base 13.
-22533c
168842 (base 12) to base 7
3204665
What is -1011112001200 (base 3) in base 11?
-394152
445101414 (base 6) to base 4
132310210102
-394571 (base 14) to base 15
-28e131
-26b33 (base 16) to base 7
-1230100
Convert 2333481 (base 10) to base 5.
1044132411
-1013154 (base 7) to base 16
-1d94f
What is 17460077 (base 9) in base 11?
4a56616
What is -4601 (base 8) in base 11?
-1912
291856 (base 11) to base 14
bc39d
Convert 7077253 (base 9) to base 3.
21002121021210
810aa7 (base 12) to base 13
556300
What is 68a2 (base 16) in base 14?
9a94
Convert 346237 (base 8) to base 14.
30d8b
What is 11010001101011101100 (base 2) in base 8?
3215354
Convert 1105031 (base 6) to base 12.
28177
Convert 2e7f63 (base 16) to base 14.
59473d
136251 (base 8) to base 2
1011110010101001
What is 3a0762 (base 15) in base 10?
2786042
What is 10100111010010001111111 (base 2) in base 3?
101022111100012
-2257b35 (base 14) to base 16
-f97433
What is -2011101011012 (base 3) in base 16?
-118859
What is 413832 (base 9) in base 10?
245621
-171ffa (base 16) to base 8
-5617772
Convert 1d92f (base 16) to base 6.
2332451
Convert -112511150 (base 6) to base 7.
-23535660
What is 2051041 (base 6) in base 15?
1e98d
Convert -88280 (base 9) to base 13.
-20862
903610 (base 12) to base 13
608136
Convert -33506 (base 13) to base 4.
-112233011
What is 1020012022110 (base 3) in base 2?
10011111100001100100
Convert -22020122021 (base 3) to base 4.
-213220000
What is -101011111000000101 (base 2) in base 13?
-63a55
-1933278 (base 10) to base 14
-384794
Convert 10012110013 (base 4) to base 12.
439947
What is 97624a (base 13) in base 5?
1402231041
-4ce8d4 (base 16) to base 13
-1076266
Convert 10354305 (base 6) to base 3.
120210020012
-16051011 (base 7) to base 6
-53013533
What is 4342e (base 15) in base 13?
76295
-4341 (base 11) to base 7
-22466
-1001001011000000 (base 2) to base 10
-37568
183907 (base 13) to base 6
21010204
What is 17029 (base 15) in base 7?
426405
51214024 (base 7) to base 9
8032121
-b20b4 (base 15) to base 2
-10001001101001010010
What is 125423 (base 9) in base 3?
10212110210
-8614542 (base 9) to base 7
-54142655
Convert 160813 (base 10) to base 5.
20121223
Convert -9517e (base 16) to base 7.
-5122266
Convert -4da71 (base 15) to base 7.
-2054110
-173a01 (base 11) to base 7
-2166335
What is 100371 (base 11) in base 6?
3243352
13371a0 (base 11) to base 15
308d90
5555814 (base 9) to base 4
23121313321
Convert 1769611 (base 10) to base 12.
7140b7
What is b1559 (base 15) in base 8?
2110463
Convert -1220461 (base 11) to base 7.
-24022644
What is -636545 (base 8) in base 11?
-135583
Convert -2b523 (base 14) to base 7.
-626643
10020233311 (base 4) to base 10
1084405
Convert -130172 (base 9) to base 13.
-29b97
Convert -611023 (base 9) to base 12.
-155319
Convert 51042004 (base 6) to base 4.
11202132310
What is -5dee70 (base 16) in base 9?
-12522255
-111529a (base 11) to base 8
-7350723
Convert 15e0bd (base 15) to base 7.
12003112
-8105071 (base 10) to base 15
-aa1781
Convert 316444 (base 8) to base 12.
51258
Convert -1152243 (base 8) to base 12.
-133257
-275451 (base 12) to base 11
-405a22
Convert 794bc (base 13) to base 12.
a7757
21430 (base 11) to base 3
1120200222
What is -2a0ef (base 16) in base 2?
-101010000011101111
-6a629 (base 14) to base 5
-31243044
Convert -330a91 (base 11) to base 13.
-156671
What is -33917 (base 12) in base 4?
-100301203
What is -297cc5 (base 13) in base 4?
-3320111303
Convert 14634413 (ba